{"id":119,"date":"2017-03-17T08:45:18","date_gmt":"2017-03-17T08:45:18","guid":{"rendered":"http:\/\/www.daviniamonge.es\/?page_id=119"},"modified":"2017-03-17T09:42:01","modified_gmt":"2017-03-17T09:42:01","slug":"natursiluet","status":"publish","type":"page","link":"https:\/\/daviniamonge.es\/index.php\/natursiluet\/","title":{"rendered":"NaturSiluet"},"content":{"rendered":"<div id=\"themify_builder_content-119\" data-postid=\"119\" class=\"themify_builder_content themify_builder_content-119 themify_builder themify_builder_front\">\n\n\t\t\t\t<!-- module_row -->\n\t\t\t<div  data-gutter=\"gutter-default\" class=\"themify_builder_row themify_builder_119_row module_row module_row_0 module_row_119-0 clearfix gutter-default col_align_top\" data-column-alignment=\"col_align_top\">\n\n\t\t\n\t\t\t\t\n\t\t\t\t<div class=\"row_inner_wrapper\">\n\t\t\t\t\t<div class=\"row_inner\">\n\n\t\t\t\t\t\t\n\t\t\t\t\t\t\n\t\t\t\t\t\t\t\n\t\t<div  class=\"col4-2 first tb-column  tb_119_column module_column_0 module_column_119-0-0 module_column\" >\n\n\t\t\t\n\t\t\t\n\t\t\t<div class=\"tb-column-inner\">\n\n\t\t\t\t\n\t\t\t\t\n\t\t\t\t\t\n<!-- module text -->\n<div id=\"text-119-0-0-1\" class=\"module module-text text-119-0-0-1   \">\n\t\n\t\n\t<p><br \/>Te ofrecemos un viaje a trav\u00e9s de 3 fases, muy sencillas de llevar a la pr\u00e1ctica que te conducir\u00e1n a tu OBJETIVO. En cada una de las fases te proponemos:<\/p><ul><li class=\"fucsia\"><strong>Nutriterapia personalizada<\/strong>, con el objetivo de recortar calor\u00edas, grupos o cantidades de alimentos.<\/li><li class=\"fucsia\"><strong>Recomendaciones diet\u00e9ticas<\/strong>. Te contamos como mantener a raya la celulitis, pautas y consejos en la menopausia, consejos para potenciar la combusti\u00f3n de grasas y eliminaci\u00f3n de l\u00edquidos, as\u00ed como los ejercicios que mejor funcionan.<\/li><li class=\"fucsia\"><strong>Seguimiento antropom\u00e9trico<\/strong>. Evaluamos el tama\u00f1o, proporciones y composici\u00f3n de tu cuerpo y el seguimiento de este hacia tu objetivo.<\/li><li class=\"fucsia\"><strong>Sentir la nutricosm\u00e9tica Ar\u00f4ms Natur<\/strong>, en tu interior, con el objetivo de favorecer la depuraci\u00f3n org\u00e1nica, la eliminaci\u00f3n de l\u00edquidos y grasa retenida. Todo ello de forma personalizada en funci\u00f3n de la localizaci\u00f3n de la grasa corporal, junto con el apoyo de los saciantes y atrapagrasas espec\u00edficos para cada necesidad.<\/li><\/ul>\n\t<\/div>\n<!-- \/module text -->\n\n\t\t\t\t\n\t\t\t<\/div><!-- \/.tb-column-inner -->\n\t\t\t\t\t<\/div>\n\t\t<!-- \/.tb-column -->\n\t\t\n\t\t\n\t\t<div  class=\"col4-2 last tb-column  tb_119_column module_column_1 module_column_119-0-1 module_column\" >\n\n\t\t\t\n\t\t\t\n\t\t\t<div class=\"tb-column-inner\">\n\n\t\t\t\t\n\t\t\t\t\n\t\t\t\t\t\n\t<!-- module image -->\n\t<div id=\"image-119-0-1-1\" class=\"module module-image image-119-0-1-1   image-top  \">\n\n\t\t\n\t\t\n\t\t<div class=\"image-wrap\">\n\t\t\t\t\t\t\t<img loading=\"lazy\" decoding=\"async\" width=\"559\" height=\"350\" src=\"https:\/\/daviniamonge.es\/wp-content\/uploads\/2017\/03\/t_natursiluet.jpg\" class=\" wp-image-201\" alt=\"\" srcset=\"https:\/\/daviniamonge.es\/wp-content\/uploads\/2017\/03\/t_natursiluet.jpg 559w, https:\/\/daviniamonge.es\/wp-content\/uploads\/2017\/03\/t_natursiluet-300x188.jpg 300w\" sizes=\"auto, (max-width: 559px) 100vw, 559px\" \/>\t\t\t\n\t\t\t\t\t\t<\/div>\n\t\t\t<!-- \/image-wrap -->\n\t\t\n\t\t\n\t\t\n\t\t<\/div>\n\t<!-- \/module image -->\n\n\n\t\t\t\t\n\t\t\t<\/div><!-- \/.tb-column-inner -->\n\t\t\t\t\t<\/div>\n\t\t<!-- \/.tb-column -->\n\t\t\n\t\t\n\t\t\t\t\t\t\t\t\n\t\t\t\t\t\t\t\t\n\t\t\t\t\t\t\t\n\t\t\t\t\t\t<\/div>\n\t\t\t\t\t\t<!-- \/row_inner -->\n\t\t\t\t\t<\/div>\n\t\t\t\t\t<!-- \/row_inner_wrapper -->\n\t\t\t\t<\/div>\n\t\t\t\t<!-- \/module_row -->\n\t\t<\/div>\n<!-- \/themify_builder_content -->","protected":false},"excerpt":{"rendered":"<p>Te ofrecemos un viaje a trav\u00e9s de 3 fases, muy sencillas de llevar a la pr\u00e1ctica que te conducir\u00e1n a tu OBJETIVO. En cada una de las fases te proponemos:Nutriterapia personalizada, con el objetivo de recortar calor\u00edas, grupos o cantidades de alimentos.Recomendaciones diet\u00e9ticas. Te contamos como mantener a raya la celulitis, pautas y consejos en [&hellip;]<\/p>\n","protected":false},"author":1,"featured_media":0,"parent":0,"menu_order":0,"comment_status":"closed","ping_status":"closed","template":"","meta":{"footnotes":""},"class_list":["post-119","page","type-page","status-publish","hentry","has-post-title","no-post-date","has-post-category","has-post-tag","has-post-comment","has-post-author"],"_links":{"self":[{"href":"https:\/\/daviniamonge.es\/index.php\/wp-json\/wp\/v2\/pages\/119","targetHints":{"allow":["GET"]}}],"collection":[{"href":"https:\/\/daviniamonge.es\/index.php\/wp-json\/wp\/v2\/pages"}],"about":[{"href":"https:\/\/daviniamonge.es\/index.php\/wp-json\/wp\/v2\/types\/page"}],"author":[{"embeddable":true,"href":"https:\/\/daviniamonge.es\/index.php\/wp-json\/wp\/v2\/users\/1"}],"replies":[{"embeddable":true,"href":"https:\/\/daviniamonge.es\/index.php\/wp-json\/wp\/v2\/comments?post=119"}],"version-history":[{"count":2,"href":"https:\/\/daviniamonge.es\/index.php\/wp-json\/wp\/v2\/pages\/119\/revisions"}],"predecessor-version":[{"id":202,"href":"https:\/\/daviniamonge.es\/index.php\/wp-json\/wp\/v2\/pages\/119\/revisions\/202"}],"wp:attachment":[{"href":"https:\/\/daviniamonge.es\/index.php\/wp-json\/wp\/v2\/media?parent=119"}],"curies":[{"name":"wp","href":"https:\/\/api.w.org\/{rel}","templated":true}]}}